{"id":38,"date":"2025-02-27T16:07:41","date_gmt":"2025-02-27T16:07:41","guid":{"rendered":"https:\/\/192-168-50-95.loperas.direct.quickconnect.to\/wordpress\/index.php\/pagina-1\/"},"modified":"2026-01-14T15:04:47","modified_gmt":"2026-01-14T15:04:47","slug":"pagina-1","status":"publish","type":"page","link":"https:\/\/bodaadriyague.es\/","title":{"rendered":"Boda Adrian y Ague"},"content":{"rendered":"\n    \n    <section class=\"u-clearfix u-image u-shading u-section-2\" id=\"sec-535d\" data-image-width=\"1125\" data-image-height=\"750\" style=\"background-image: linear-gradient(0deg, rgba(107, 71, 72, 0.45), rgba(107, 71, 72, 0.45)), url(&quot;https:\/\/bodaadriyague.es\/wp-content\/uploads\/2025\/08\/WhatsApp-Image-2025-08-30-at-18.25.28.jpeg&quot;);\">\n      <div class=\"u-clearfix u-sheet u-sheet-1\">\n        <div class=\"u-align-center u-container-align-center u-container-style u-expanded-width-md u-expanded-width-sm u-expanded-width-xs u-group u-group-1\">\n          <div class=\"u-container-layout u-valign-middle-lg u-valign-middle-md u-valign-middle-sm u-valign-middle-xl u-container-layout-1\">\n            <h1 class=\"u-custom-font u-font-abril-fatface u-font-georgia u-text u-title u-text-1\"> \u00a1Nos Casamos!&nbsp; Acomp\u00e1\u00f1anos en Nuestro Gran D\u00eda<\/h1>\n            <p class=\"u-text u-text-2\">ADRIAN Y AGUEDA<\/p>\n          <\/div>\n        <\/div>\n      <\/div>\n    <\/section>\n    <section class=\"u-align-center u-clearfix u-container-align-center-lg u-container-align-center-md u-container-align-center-sm u-container-align-center-xl u-section-3\" id=\"block-1\">\n      <div class=\"u-clearfix u-sheet u-sheet-1\">\n        <h2 class=\"u-custom-font u-font-georgia u-text u-text-default u-text-1\"> NUESTRO GRAN DIA<\/h2>\n        <p class=\"u-custom-font u-font-georgia u-large-text u-text u-text-variant u-text-2\"> Esperamos que est\u00e9is tan ansiosos como nosotros por compartir juntos este momento tan especial. Ser\u00e1 un d\u00eda lleno de amor, alegr\u00eda y much\u00edsimas emociones, y no podr\u00edamos imaginar celebrarlo sin vosotros.<br><span style=\"font-weight: 700;\">28 de Marzo del 2026<\/span>\n        <\/p>\n        <div class=\"u-countdown u-countdown-1\" data-target-date=\"Sat, 28 Mar 2026 11:33:05 GMT\" data-type=\"to-date\" data-for=\"everyone\" data-time-left=\"750m\" data-timer-id=\"dfea\" data-target-number=\"100\" data-direction=\"down\" data-start-time=\"Wed, 14 Jan 2026 15:01:43 GMT\" data-frequency=\"10s\" data-after-count=\"none\" data-redirect-url=\"https:\/\/\" data-count-animation=\"slide\">\n          <div class=\"u-countdown-wrapper u-spacing-15\">\n            <div class=\"u-countdown-item u-countdown-years u-hidden u-spacing-15 u-countdown-item-1\">\n              <div class=\"u-countdown-counter u-spacing-2 u-countdown-counter-1\"><div class=\"u-countdown-number\">0<\/div><div class=\"u-countdown-number u-hidden\">0<\/div><\/div>\n              <div class=\"u-countdown-label u-text-grey-50 u-countdown-label-1\">Years<\/div>\n            <\/div>\n            <div class=\"u-countdown-separator u-hidden u-countdown-separator-1\"><\/div>\n            <div class=\"u-countdown-days u-countdown-item u-spacing-15 u-countdown-item-2\">\n              <div class=\"u-countdown-counter u-spacing-2 u-countdown-counter-2\"><div class=\"u-countdown-number\">7<\/div><div class=\"u-countdown-number\">2<\/div><div class=\"u-countdown-number u-hidden\">9<\/div><\/div>\n              <div class=\"u-countdown-label u-text-grey-50 u-countdown-label-2\">Days<\/div>\n            <\/div>\n            <div class=\"u-countdown-separator u-countdown-separator-2\"><\/div>\n            <div class=\"u-countdown-hours u-countdown-item u-spacing-15 u-countdown-item-3\">\n              <div class=\"u-countdown-counter u-spacing-2 u-countdown-counter-3\"><div class=\"u-countdown-number\">2<\/div><div class=\"u-countdown-number\">0<\/div><\/div>\n              <div class=\"u-countdown-label u-text-grey-50 u-countdown-label-3\">Hours<\/div>\n            <\/div>\n            <div class=\"u-countdown-separator u-countdown-separator-3\"><\/div>\n            <div class=\"u-countdown-item u-countdown-minutes u-spacing-15 u-countdown-item-4\">\n              <div class=\"u-countdown-counter u-spacing-2 u-countdown-counter-4\"><div class=\"u-countdown-number\">2<\/div><div class=\"u-countdown-number\">9<\/div><\/div>\n              <div class=\"u-countdown-label u-text-grey-50 u-countdown-label-4\">Minutes<\/div>\n            <\/div>\n            <div class=\"u-countdown-separator u-countdown-separator-4\"><\/div>\n            <div class=\"u-countdown-item u-countdown-seconds u-spacing-15 u-countdown-item-5\">\n              <div class=\"u-countdown-counter u-spacing-2 u-countdown-counter-5\"><div class=\"u-countdown-number\">4<\/div><div class=\"u-countdown-number\">4<\/div><\/div>\n              <div class=\"u-countdown-label u-text-grey-50 u-countdown-label-5\">Seconds<\/div>\n            <\/div>\n            <div class=\"u-countdown-separator u-hidden u-countdown-separator-5\"><\/div>\n            <div class=\"u-countdown-item u-countdown-numbers u-hidden u-spacing-15 u-countdown-item-6\">\n              <div class=\"u-countdown-counter u-spacing-2 u-countdown-counter-6\"><div class=\"u-countdown-number\">0<\/div><div class=\"u-countdown-number\">0<\/div><div class=\"u-countdown-number\">1<\/div><div class=\"u-countdown-number\">0<\/div><div class=\"u-countdown-number\">0<\/div><\/div>\n              <div class=\"u-countdown-label u-text-grey-50 u-countdown-label-6\">Items<\/div>\n            <\/div>\n          <\/div>\n          <div class=\"u-countdown-message u-hidden\">\n            <p>Sorry, the time is up.<\/p>\n          <\/div>\n        <\/div>\n      <\/div>\n    <\/section>\n    <section class=\"u-clearfix u-image u-shading u-section-4\" id=\"sec-3175\" data-image-width=\"3024\" data-image-height=\"4032\" style=\"background-image: linear-gradient(0deg, rgba(107, 71, 72, 0.4), rgba(107, 71, 72, 0.4)), url(&quot;https:\/\/bodaadriyague.es\/wp-content\/uploads\/2025\/08\/WhatsAppImage2025-08-30at19.09.32-scaled.jpeg&quot;);\">\n      <div class=\"u-clearfix u-sheet u-valign-top-lg u-valign-top-md u-valign-top-sm u-valign-top-xl u-sheet-1\">\n        <div class=\"data-layout-selected u-clearfix u-expanded-width u-layout-wrap u-layout-wrap-1\">\n          <div class=\"u-layout\">\n            <div class=\"u-layout-row\">\n              <div class=\"u-container-style u-layout-cell u-left-cell u-size-30 u-layout-cell-1\">\n                <div class=\"u-container-layout u-valign-middle-md\">\n                  <img decoding=\"async\" src=\"https:\/\/bodaadriyague.es\/wp-content\/uploads\/2025\/02\/4d26cf242b3f2afc8a147717b3b239c7.jpeg\" alt=\"\" class=\"u-hidden-xs u-image u-image-default u-image-1\" data-image-width=\"1248\" data-image-height=\"750\">\n                  <img decoding=\"async\" class=\"u-hidden-xs u-image u-image-2\" src=\"https:\/\/bodaadriyague.es\/wp-content\/uploads\/2025\/02\/9a09eccf722030145ce1e95af33e8878.jpeg\">\n                <\/div>\n              <\/div>\n              <div class=\"u-container-style u-layout-cell u-right-cell u-size-30 u-layout-cell-2\">\n                <div class=\"u-container-layout u-valign-middle-lg u-valign-middle-md u-valign-middle-sm u-container-layout-2\">\n                  <h2 class=\"u-custom-font u-font-abril-fatface u-font-georgia u-text u-text-1\"> \u00a1Aqu\u00ed se viene a disfrutar!<\/h2>\n                  <p class=\"u-custom-font u-font-georgia u-text u-text-2\"> Como somos m\u00e1s de fiesta que de protocolo, contamos contigo desde el primer brindis hasta la \u00faltima canci\u00f3n, cada detalle ha sido pensado para que juntos creemos recuerdos inolvidables. Habr\u00e1 sorpresas, mucha diversi\u00f3n y, sobre todo, la mejor compa\u00f1\u00eda: \u00a1Vosotros! No podemos esperar para compartir este d\u00eda tan especial contigo.<\/p>\n                  <div class=\"u-carousel u-carousel-duration-250 u-carousel-fade u-expanded-width-xs u-form u-hidden-xs u-form-1\" data-interval=\"0\" data-u-ride=\"false\" id=\"carousel-1f26\">\n                    <form action=\"https:\/\/service.nicepagesrv.com\/form\/v4\/form-process\" class=\"u-clearfix u-form-spacing-10 u-form-vertical u-inner-form\" source=\"email\" name=\"form\" style=\"padding: 10px;\">\n                      <div class=\"u-carousel-inner\" role=\"listbox\">\n                        <div class=\"u-carousel-item u-form-step u-slide u-active\">\n                          <div class=\"u-form-group u-form-name\">\n                            <label for=\"name-65bc\" class=\"u-custom-font u-font-georgia u-label u-label-1\">Nombre<\/label>\n                            <input type=\"text\" placeholder=\"Introduzca su nombre\" id=\"name-65bc\" name=\"name\" class=\"u-custom-font u-font-georgia u-input u-input-rectangle\" required=\"\">\n                          <\/div>\n                          <div class=\"u-form-group\">\n                            <label for=\"email-65bc\" class=\"u-custom-font u-font-georgia u-label u-label-2\">Apellidos<\/label>\n                            <input placeholder=\"\u200bIntroduzca su apellido\" id=\"email-65bc\" name=\"apellido\" class=\"u-custom-font u-font-georgia u-input u-input-rectangle\" required=\"required\" type=\"text\">\n                          <\/div>\n                        <\/div>\n                        <div class=\"u-carousel-item u-form-step u-slide\">\n                          <div class=\"u-form-group u-form-textarea u-form-group-3\">\n                            <label for=\"textarea-5450\" class=\"u-custom-font u-font-georgia u-label u-label-3\"> \u00bfHay algo que debamos saber para que disfrutes sin sustos? (Alergias, intolerancias o secretos que quieras contarnos &#x1f609;) <\/label>\n                            <textarea rows=\"4\" cols=\"50\" id=\"textarea-5450\" name=\"textarea\" class=\"u-input u-input-rectangle\" required=\"\"><\/textarea>\n                          <\/div>\n                        <\/div>\n                      <\/div>\n                      <div class=\"u-align-left u-form-group u-form-submit\">\n                        <a href=\"#\" class=\"u-btn u-btn-step u-btn-step-prev u-button-style u-custom-font u-font-georgia u-hidden\">Regresar<\/a>\n                        <a href=\"#\" class=\"u-btn u-btn-step u-btn-step-next u-button-style u-custom-font u-font-georgia\">Siguiente<\/a>\n                        <a href=\"#\" class=\"u-btn u-btn-submit u-button-style u-custom-font u-font-georgia u-hidden\">Enviar<\/a>\n                        <input type=\"submit\" value=\"submit\" class=\"u-form-control-hidden\">\n                      <\/div>\n                      <div class=\"u-form-send-message u-form-send-success\"> Gracias! Tu mensaje ha sido enviado. <\/div>\n                      <div class=\"u-form-send-error u-form-send-message\"> No se puede enviar su mensaje. Por favor, corrija los errores y vuelva a intentarlo. <\/div>\n                      <input type=\"hidden\" value=\"\" name=\"recaptchaResponse\">\n                      <input type=\"hidden\" name=\"formServices\" value=\"f4675f1d-f287-3608-9f5f-28f468d6c4b5\">\n                    <\/form>\n                  <\/div>\n                <\/div>\n              <\/div>\n            <\/div>\n          <\/div>\n        <\/div>\n      <\/div>\n    <\/section>\n    <section class=\"u-border-2 u-border-white u-clearfix u-section-5\" id=\"sec-b2e1\">\n      <div class=\"u-clearfix u-sheet u-valign-top-lg u-valign-top-md u-valign-top-sm u-sheet-1\">\n        <div class=\"data-layout-selected u-clearfix u-expanded-width-md u-layout-wrap u-layout-wrap-1\">\n          <div class=\"u-layout\">\n            <div class=\"u-layout-row\">\n              <div class=\"u-container-style u-hidden-xs u-layout-cell u-left-cell u-size-33 u-white u-layout-cell-1\">\n                <div class=\"u-container-layout u-valign-middle-lg u-valign-middle-md u-valign-middle-sm u-container-layout-1\">\n                  <h6 class=\"u-text u-text-1\">SOBRE EL DIA <\/h6>\n                  <div class=\"u-border-3 u-border-palette-2-base u-line u-line-horizontal u-line-1\"><\/div>\n                  <p class=\"u-text u-text-2\">En Sarah Haywood Wedding Design ofrecemos un servicio de primera clase y planificamos eventos de primer nivel. Con un dise\u00f1o sobresaliente, creamos experiencias m\u00e1gicas para nuestra exigente clientela internacional. Bienvenido a nuestro sitio web - tome una\n                                    mira a tu alrededor y #DreamBig con nosotros ...<\/p>\n                <\/div>\n              <\/div>\n              <div class=\"u-container-style u-layout-cell u-right-cell u-size-27 u-white u-layout-cell-2\">\n                <div class=\"u-container-layout\">\n                  <img decoding=\"async\" class=\"u-align-center-xs u-image u-preserve-proportions u-image-1\" src=\"https:\/\/bodaadriyague.es\/wp-content\/uploads\/2025\/09\/IMG_5788.png\" data-image-width=\"1415\" data-image-height=\"2000\">\n                <\/div>\n              <\/div>\n            <\/div>\n          <\/div>\n        <\/div>\n        <p class=\"u-custom-font u-font-georgia u-text u-text-default u-text-3\"> En resumen: llegas, lloras un poquito (de emoci\u00f3n), brindas, comes rico, bailas hasta que duelan los pies\u2026 y te vas con el coraz\u00f3n llenito.\n\u00a1Prep\u00e1rate para un d\u00eda inolvidable!<span style=\"font-weight: 700;\"><\/span>\n        <\/p>\n        <h3 class=\"u-text u-text-default u-text-palette-2-base u-text-4\">________<\/h3>\n        <h5 class=\"u-custom-font u-font-georgia u-text u-text-default u-text-5\">SOBRE EL DIA<\/h5>\n        <p class=\"u-custom-font u-font-georgia u-text u-text-default u-text-6\">\n          <a class=\"u-active-none u-border-none u-btn u-button-link u-button-style u-custom-font u-font-georgia u-hover-none u-none u-text-palette-1-base u-btn-1\" href=\"https:\/\/maps.app.goo.gl\/JuUTzdrk9NYnWtnE6?g_st=aw\">El Roalet de Kiko<\/a>\n        <\/p>\n        <h5 class=\"u-custom-font u-font-georgia u-text u-text-default u-text-7\">UBICACION<\/h5>\n        <h3 class=\"u-text u-text-default u-text-palette-2-base u-text-8\">________<\/h3>\n        <p class=\"u-custom-font u-font-georgia u-text u-text-default u-text-9\">Te esperamos a las 12:30 en&nbsp;<\/p>\n        <img decoding=\"async\" class=\"u-image u-image-contain u-image-default u-preserve-proportions u-image-2\" src=\"https:\/\/bodaadriyague.es\/wp-content\/uploads\/2025\/09\/GeneratedImageSeptember182025-1_06PM.png\" alt=\"\" data-image-width=\"1024\" data-image-height=\"1024\" data-href=\"https:\/\/forms.gle\/zVj5z2inxRM19Q9f7\" data-target=\"_blank\">\n      <\/div>\n    <\/section>\n    \n    \n    \n    \n  \n","protected":false},"excerpt":{"rendered":"<p>\u00a1Nos Casamos!&nbsp; Acomp\u00e1\u00f1anos en Nuestro Gran D\u00eda ADRIAN Y AGUEDA NUESTRO GRAN DIA Esperamos que est\u00e9is tan ansiosos como nosotros por compartir juntos este momento tan especial. Ser\u00e1 un d\u00eda lleno de amor, alegr\u00eda y much\u00edsimas emociones, y no podr\u00edamos imaginar celebrarlo sin vosotros.28 de Marzo del 2026 00 Years 729 Days 20 Hours 29 &hellip; <a href=\"https:\/\/bodaadriyague.es\/\" class=\"more-link\">Continue reading<span class=\"screen-reader-text\"> \u00abBoda Adrian y Ague\u00bb<\/span><\/a><\/p>\n","protected":false},"author":1,"featured_media":0,"parent":0,"menu_order":1,"comment_status":"closed","ping_status":"closed","template":"","meta":{"footnotes":""},"class_list":["post-38","page","type-page","status-publish","hentry"],"_links":{"self":[{"href":"https:\/\/bodaadriyague.es\/index.php\/wp-json\/wp\/v2\/pages\/38","targetHints":{"allow":["GET"]}}],"collection":[{"href":"https:\/\/bodaadriyague.es\/index.php\/wp-json\/wp\/v2\/pages"}],"about":[{"href":"https:\/\/bodaadriyague.es\/index.php\/wp-json\/wp\/v2\/types\/page"}],"author":[{"embeddable":true,"href":"https:\/\/bodaadriyague.es\/index.php\/wp-json\/wp\/v2\/users\/1"}],"replies":[{"embeddable":true,"href":"https:\/\/bodaadriyague.es\/index.php\/wp-json\/wp\/v2\/comments?post=38"}],"version-history":[{"count":29,"href":"https:\/\/bodaadriyague.es\/index.php\/wp-json\/wp\/v2\/pages\/38\/revisions"}],"predecessor-version":[{"id":122,"href":"https:\/\/bodaadriyague.es\/index.php\/wp-json\/wp\/v2\/pages\/38\/revisions\/122"}],"wp:attachment":[{"href":"https:\/\/bodaadriyague.es\/index.php\/wp-json\/wp\/v2\/media?parent=38"}],"curies":[{"name":"wp","href":"https:\/\/api.w.org\/{rel}","templated":true}]}}